he remainder when 1863 is divided by 620.
3
Calculate the remainder when 562 is divided by 47.
45
What is the remainder when 63 is divided by 27?
9
Calculate the remainder when 263 is divided by 11.
10
Calculate the remainder when 201 is divided by 31.
15
Calculate the remainder when 543 is divided by 55.
48
What is the remainder when 427 is divided by 39?
37
What is the remainder when 3482 is divided by 695?
7
What is the remainder when 1473 is divided by 18?
15
What is the remainder when 164 is divided by 110?
54
What is the remainder when 453 is divided by 12?
9
What is the remainder when 255 is divided by 21?
3
What is the remainder when 101 is divided by 22?
13
What is the remainder when 922 is divided by 185?
182
What is the remainder when 209 is divided by 16?
1
What is the remainder when 124 is divided by 30?
4
What is the remainder when 1037 is divided by 174?
167
What is the remainder when 118 is divided by 30?
28
Calculate the remainder when 138 is divided by 61.
16
Calculate the remainder when 457 is divided by 44.
17
Calculate the remainder when 264 is divided by 88.
0
Calculate the remainder when 627 is divided by 70.
67
What is the remainder when 317 is divided by 23?
18
What is the remainder when 1708 is divided by 295?
233
What is the remainder when 348 is divided by 125?
98
What is the remainder when 16111 is divided by 23?
11
What is the remainder when 223 is divided by 35?
13
What is the remainder when 252 is divided by 27?
9
What is the remainder when 1566 is divided by 18?
0
Calculate the remainder when 840 is divided by 12.
0
Calculate the remainder when 7168 is divided by 13.
5
Calculate the remainder when 283 is divided by 95.
93
Calculate the remainder when 125 is divided by 44.
37
What is the remainder when 340 is divided by 149?
42
What is the remainder when 556 is divided by 49?
17
Calculate the remainder when 953 is divided by 393.
167
Calculate the remainder when 79 is divided by 57.
22
Calculate the remainder when 262 is divided by 51.
7
Calculate the remainder when 1610 is divided by 1606.
4
What is the remainder when 301 is divided by 124?
53
What is the remainder when 19846 is divided by 25?
21
What is the remainder when 3170 is divided by 23?
19
What is the remainder when 1075 is divided by 346?
37
What is the remainder when 105 is divided by 18?
15
Calculate the remainder when 2930 is divided by 1459.
12
What is the remainder when 364 is divided by 34?
24
Calculate the remainder when 182 is divided by 28.
14
Calculate the remainder when 626 is divided by 613.
13
Calculate the remainder when 8580 is divided by 29.
25
What is the remainder when 21 is divided by 12?
9
Calculate the remainder when 284 is divided by 22.
20
Calculate the remainder when 2265 is divided by 34.
21
Calculate the remainder when 119 is divided by 56.
7
Calculate the remainder when 173 is divided by 59.
55
What is the remainder when 65 is divided by 3?
2
Calculate the remainder when 560 is divided by 550.
10
Calculate the remainder when 3641 is divided by 192.
185
Calculate the remainder when 5069 is divided by 26.
25
What is the remainder when 654 is divided by 4?
2
What is the remainder when 1692 is divided by 189?
180
Calculate the remainder when 704 is divided by 119.
109
What is the remainder when 121 is divided by 41?
39
What is the remainder when 271 is divided by 46?
41
What is the remainder when 504 is divided by 230?
44
Calculate the remainder when 604 is divided by 321.
283
What is the remainder when 338 is divided by 49?
44
What is the remainder when 341 is divided by 60?
41
Calculate the remainder when 309 is divided by 118.
73
Calculate the remainder when 2257 is divided by 78.
73
Calculate the remainder when 313 is divided by 53.
48
Calculate the remainder when 985 is divided by 102.
67
Calculate the remainder when 25 is divided by 17.
8
What is the remainder when 330 is divided by 37?
34
Calculate the remainder when 1692 is divided by 94.
0
Calculate the remainder when 691 is divided by 29.
24
What is the remainder when 828 is divided by 27?
18
Calculate the remainder when 321 is divided by 18.
15
What is the remainder when 19654 is divided by 312?
310
What is the remainder when 1383 is divided by 340?
23
Calculate the remainder when 563 is divided by 113.
111
Calculate the remainder when 6334 is divided by 36.
34
What is the remainder when 961 is divided by 51?
43
What is the remainder when 2633 is divided by 1308?
17
What is the remainder when 634 is divided by 49?
46
What is the remainder when 20 is divided by 15?
5
What is the remainder when 4577 is divided by 44?
1
What is the remainder when 1417 is divided by 354?
1
Calculate the remainder when 7593 is divided by 190.
183
Calculate the remainder when 491 is divided by 12.
11
What is the remainder when 750 is divided by 58?
54
What is the remainder when 4 is divided by 4?
0
What is the remainder when 85 is divided by 43?
42
Calculate the remainder when 537 is divided by 61.
49
What is the remainder when 261 is divided by 66?
63
Calculate the remainder when 7533 is divided by 157.
154
Calculate the remainder when 87 is divided by 44.
43
What is the remainder when 427 is divided by 39?
37
What is the remainder when 805 is divided by 8?
5
What is the remainder when 28784 is divided by 95?
94
Calculate the remainder when 112 is divided by 41.
30
What is the remainder when 154 is divided by 77?
0
What is the remainder when 665 is divided by 6?
5
What is the remainder when 115 is divided by 26?
11
What is the remainder when 1006 is divided by 7?
5
Calculate the remainder when 20367 is divided by 6.
3
Calculate the remainder when 157 is divided by 76.
5
What is the remainder when 503 is divided by 195?
113
What is the remainder when 762 is divided by 379?
4
Calculate the remainder when 1324 is divided by 38.
32
Calculate the remainder when 297 is divided by 4.
1
Calculate the remainder when 6919 is divided by 20.
19
What is the remainder when 1422 is divided by 10?
2
What is the remainder when 197 is divided by 51?
44
What is the remainder when 645 is divided by 37?
16
What is the remainder when 1745 is divided by 160?
145
What is the remainder when 3004 is divided by 9?
7
Calculate the remainder when 9877 is divided by 10.
7
Calculate the remainder when 157 is divided by 83.
74
What is the remainder when 1634 is divided by 346?
250
Calculate the remainder when 4001 is divided by 52.
49
What is the remainder when 3890 is divided by 1943?
4
What is the remainder when 825 is divided by 26?
19
Calculate the remainder when 24 is divided by 5.
4
Calculate the remainder when 120 is divided by 4.
0
What is the remainder when 502 is divided by 64?
54
Calculate the remainder when 2980 is divided by 110.
10
Calculate the remainder when 431 is divided by 54.
53
Calculate the remainder when 235 is divided by 10.
5
What is the remainder when 10555 is divided by 20?
15
What is the remainder when 1999 is divided by 489?
43
Calculate the remainder when 14626 is divided by 22.
18
What is the remainder when 149 is divided by 50?
49
What is the remainder when 477 is divided by 20?
17
What is the remainder when 171 is divided by 52?
15
What is the remainder when 373 is divided by 11?
10
Calculate the remainder when 244 is divided by 36.
28
What is the remainder when 281 is divided by 26?
21
Calculate the remainder when 1054 is divided by 32.
30
Calculate the remainder when 2244 is divided by 41.
30
Calculate the remainder when 5020 is divided by 107.
98
Calculate the remainder when 167 is divided by 21.
20
What is the remainder when 694 is divided by 24?
22
Calculate the remainder when 3235 is divided by 1072.
19
Calculate the remainder when 362 is divided by 28.
26
What is the remainder when 172 is divided by 16?
12
What is the remainder when 601 is divided by 14?
13
Calculate the remainder when 148 is divided by 60.
28
Calculate the remainder when 116 is divided by 24.
20
What is the remainder when 158 is divided by 30?
8
Calculate the remainder when 1017 is divided by 25.
17
What is the remainder when 20 is divided by 6?
2
What is the remainder when 37 is divided by 28?
9
Calculate the remainder when 83 is divided by 62.
21
Calculate the remainder when 1409 is divided by 109.
101
Calc